{"id":1709,"date":"2023-05-01T19:30:39","date_gmt":"2023-05-01T17:30:39","guid":{"rendered":"https:\/\/davidbesnard.fr\/site\/?post_type=product&#038;p=1709"},"modified":"2024-10-15T18:50:53","modified_gmt":"2024-10-15T16:50:53","slug":"ligne-nocturne-a-la-mallory-porter","status":"publish","type":"product","link":"https:\/\/davidbesnard.fr\/site\/produit\/ligne-nocturne-a-la-mallory-porter\/","title":{"rendered":"Ligne nocturne \u00e0 la Mallory-Porter"},"content":{"rendered":"<p style=\"text-align: left;\">Cr\u00e9er une photo compl\u00e8tement nouvelle et diff\u00e9rente sur une ascension d\u2019alpinistes, de nuit. Pour l\u2019originalit\u00e9 de la photo je voulais pouvoir montrer la voie emprunt\u00e9e par la cord\u00e9e gr\u00e2ce aux lumi\u00e8res de leurs frontales. L\u2019empilement de toutes les photos r\u00e9alis\u00e9es \u00e0 intervalles r\u00e9gulier apporterait une seule et unique image combinant tout l\u2019itin\u00e9raire, montrant ainsi la voie gr\u00e2ce aux frontales.<\/p>\n<p style=\"text-align: left;\">L\u2019image est le r\u00e9sultat de l\u2019empilement de 370 photos, align\u00e9es les unes sur les autres.<\/p>\n<p style=\"text-align: left;\">Pour cette ascension il \u00e9tait important de faire appel \u00e0 des amis pour que la photo soit une aventure humaine. L\u2019opportunit\u00e9 s\u2019est pr\u00e9sent\u00e9e de pouvoir former un groupe de 3 Sapeurs-Pompiers, notamment la cord\u00e9e de Victor Lapras &#8211; Guy Salvetti, deux Sapeurs-Pompiers des Houches et de Chamonix, et moi m\u00eame.<\/p>\n<p>Chaque vente permettra de reverser 1\u20ac en don aupr\u00e8s de l\u2019\u0152uvre des Pupilles (ODP).<\/p>\n<p>L\u2019\u0152uvre des Pupilles Orphelins de Fonds d\u2019Entraide des Sapeurs-Pompiers de France (ODP) est une association \u00e0 but non lucratif cr\u00e9\u00e9e le 27 mars 1926 sous l\u2019impulsion d\u2019un homme de c\u0153ur, le Commandant Georges GUESNET. Reconnue d\u2019Utilit\u00e9 Publique depuis un d\u00e9cret du 28 janvier 1928, elle est plac\u00e9e sous le Haut Patronage du Pr\u00e9sident de la R\u00e9publique.<\/p>\n<p>L\u2019ODP a pour but d\u2019assurer la protection mat\u00e9rielle et morale des Orphelins et des familles des Sapeurs-Pompiers d\u00e9c\u00e9d\u00e9s en service command\u00e9 ou non.<\/p>\n<p>Votre achat permettra donc \u00e0 l&rsquo;association de soutenir ces familles.<\/p>\n<p>Ou trouver cette photo ?<a href=\"https:\/\/www.laulabfactory.com\/nouveaux-produits\"><br data-rich-text-line-break=\"true\" \/><\/a><a href=\"https:\/\/www.instagram.com\/le_floch_on\/\" data-rich-text-format-boundary=\"true\">https:\/\/www.instagram.com\/le_floch_on\/<\/a><\/p>\n<p><img data-recalc-dims=\"1\" loading=\"lazy\" decoding=\"async\" class=\"aligncenter size-large wp-image-1780\" src=\"https:\/\/i0.wp.com\/davidbesnard.fr\/site\/wp-content\/uploads\/2024\/08\/aiguilledumidi.jpg?resize=683%2C1024&#038;ssl=1\" alt=\"Ascension hivernale de nuit par deux sapeurs pompiers de la vall\u00e9e de chamonix. Projet de 3 sapeurs pompiers, artistique, humain et alpinisme. Photographie d'une ascension nocturne en hiver sur la voie mallory porter depuis le brevent, \u00e0 Chamonix. Oeuvre disponible au magasin peak performance de chamonix, pour l'oeuvre des pupilles des sapeurs pompiers de france. Ascension nocturne en hiver en haute savoie, photographie d'art en \u00e9dition limit\u00e9e.\" width=\"683\" height=\"1024\" srcset=\"https:\/\/i0.wp.com\/davidbesnard.fr\/site\/wp-content\/uploads\/2024\/08\/aiguilledumidi.jpg?resize=683%2C1024&amp;ssl=1 683w, https:\/\/i0.wp.com\/davidbesnard.fr\/site\/wp-content\/uploads\/2024\/08\/aiguilledumidi.jpg?resize=200%2C300&amp;ssl=1 200w, https:\/\/i0.wp.com\/davidbesnard.fr\/site\/wp-content\/uploads\/2024\/08\/aiguilledumidi.jpg?resize=768%2C1152&amp;ssl=1 768w, https:\/\/i0.wp.com\/davidbesnard.fr\/site\/wp-content\/uploads\/2024\/08\/aiguilledumidi.jpg?resize=600%2C900&amp;ssl=1 600w, https:\/\/i0.wp.com\/davidbesnard.fr\/site\/wp-content\/uploads\/2024\/08\/aiguilledumidi.jpg?w=800&amp;ssl=1 800w\" sizes=\"auto, (max-width: 683px) 100vw, 683px\" \/><\/p>\n<blockquote class=\"wp-embedded-content\" data-secret=\"dvcSB91gZa\"><p><a href=\"https:\/\/davidbesnard.fr\/site\/produit\/ascension-hivernale-nocturne-a-laiguille-du-midi\/\">Ligne nocturne \u00e0 la Mallory-Porter<\/a><\/p><\/blockquote>\n<p><iframe loading=\"lazy\" class=\"wp-embedded-content\" sandbox=\"allow-scripts\" security=\"restricted\" style=\"position: absolute; visibility: hidden;\" title=\"\u00ab\u00a0Ligne nocturne \u00e0 la Mallory-Porter\u00a0\u00bb &#8212; David Besnard\" src=\"https:\/\/davidbesnard.fr\/site\/produit\/ascension-hivernale-nocturne-a-laiguille-du-midi\/embed\/#?secret=sTb9D0nF7D#?secret=dvcSB91gZa\" data-secret=\"dvcSB91gZa\" width=\"600\" height=\"338\" frameborder=\"0\" marginwidth=\"0\" marginheight=\"0\" scrolling=\"no\"><\/iframe><\/p>\n","protected":false},"excerpt":{"rendered":"<p>Cr\u00e9er une photo compl\u00e8tement nouvelle et diff\u00e9rente sur une ascension d\u2019alpinistes, de nuit. Pour l\u2019originalit\u00e9 de la photo je voulais pouvoir montrer la voie emprunt\u00e9e&hellip;<\/p>\n","protected":false},"featured_media":1726,"comment_status":"open","ping_status":"closed","template":"","meta":[],"product_brand":[],"product_cat":[175],"product_tag":[158,193,192,189,160,194,186,161,190,188],"class_list":{"0":"post-1709","1":"product","2":"type-product","3":"status-publish","4":"has-post-thumbnail","6":"product_cat-cartes","7":"product_tag-aiguille-du-midi","8":"product_tag-alpinistes","9":"product_tag-ascension-nocturne","10":"product_tag-carte-postale","11":"product_tag-chamonix","12":"product_tag-hivernale","13":"product_tag-massif-du-mont-blanc","14":"product_tag-montagne","15":"product_tag-postcard","16":"product_tag-telepherique","17":"product_shipping_class-david","18":"post-grid","20":"first","21":"instock","22":"taxable","23":"shipping-taxable","24":"purchasable","25":"product-type-simple"},"yoast_head":"<!-- This site is optimized with the Yoast SEO Premium plugin v24.9 (Yoast SEO v26.2) - https:\/\/yoast.com\/wordpress\/plugins\/seo\/ -->\n<title>Care postale aiguille du midi - David Besnard - Ligne nocturne \u00e0 la Mallory-Porter<\/title>\n<meta name=\"description\" content=\"Ascension de la voie Mallory Porter, face nord de l&#039;aiguille du midi, par deux Sapeurs Pompiers. Projet photo d&#039;une hivernale, de nuit, en face nord.\" \/>\n<meta name=\"robots\" content=\"index, follow, max-snippet:-1, max-image-preview:large, max-video-preview:-1\" \/>\n<link rel=\"canonical\" href=\"https:\/\/davidbesnard.fr\/site\/produit\/ligne-nocturne-a-la-mallory-porter\/\" \/>\n<meta property=\"og:locale\" content=\"fr_FR\" \/>\n<meta property=\"og:type\" content=\"article\" \/>\n<meta property=\"og:title\" content=\"Ligne nocturne \u00e0 la Mallory-Porter\" \/>\n<meta property=\"og:description\" content=\"Ascension de la voie Mallory Porter, face nord de l&#039;aiguille du midi, par deux Sapeurs Pompiers. Projet photo d&#039;une hivernale, de nuit, en face nord.\" \/>\n<meta property=\"og:url\" content=\"https:\/\/davidbesnard.fr\/site\/produit\/ligne-nocturne-a-la-mallory-porter\/\" \/>\n<meta property=\"og:site_name\" content=\"David Besnard\" \/>\n<meta property=\"article:modified_time\" content=\"2024-10-15T16:50:53+00:00\" \/>\n<meta property=\"og:image\" content=\"https:\/\/davidbesnard.fr\/site\/wp-content\/uploads\/2023\/05\/mallory.jpg\" \/>\n\t<meta property=\"og:image:width\" content=\"1700\" \/>\n\t<meta property=\"og:image:height\" content=\"1275\" \/>\n\t<meta property=\"og:image:type\" content=\"image\/jpeg\" \/>\n<meta name=\"twitter:card\" content=\"summary_large_image\" \/>\n<meta name=\"twitter:label1\" content=\"Dur\u00e9e de lecture estim\u00e9e\" \/>\n\t<meta name=\"twitter:data1\" content=\"2 minutes\" \/>\n<script type=\"application\/ld+json\" class=\"yoast-schema-graph\">{\"@context\":\"https:\/\/schema.org\",\"@graph\":[{\"@type\":\"WebPage\",\"@id\":\"https:\/\/davidbesnard.fr\/site\/produit\/ligne-nocturne-a-la-mallory-porter\/\",\"url\":\"https:\/\/davidbesnard.fr\/site\/produit\/ligne-nocturne-a-la-mallory-porter\/\",\"name\":\"Care postale aiguille du midi - David Besnard - Ligne nocturne \u00e0 la Mallory-Porter\",\"isPartOf\":{\"@id\":\"https:\/\/davidbesnard.fr\/site\/#website\"},\"primaryImageOfPage\":{\"@id\":\"https:\/\/davidbesnard.fr\/site\/produit\/ligne-nocturne-a-la-mallory-porter\/#primaryimage\"},\"image\":{\"@id\":\"https:\/\/davidbesnard.fr\/site\/produit\/ligne-nocturne-a-la-mallory-porter\/#primaryimage\"},\"thumbnailUrl\":\"https:\/\/i0.wp.com\/davidbesnard.fr\/site\/wp-content\/uploads\/2023\/05\/mallory.jpg?fit=1700%2C1275&ssl=1\",\"datePublished\":\"2023-05-01T17:30:39+00:00\",\"dateModified\":\"2024-10-15T16:50:53+00:00\",\"description\":\"Ascension de la voie Mallory Porter, face nord de l'aiguille du midi, par deux Sapeurs Pompiers. Projet photo d'une hivernale, de nuit, en face nord.\",\"breadcrumb\":{\"@id\":\"https:\/\/davidbesnard.fr\/site\/produit\/ligne-nocturne-a-la-mallory-porter\/#breadcrumb\"},\"inLanguage\":\"fr-FR\",\"potentialAction\":[{\"@type\":\"ReadAction\",\"target\":[\"https:\/\/davidbesnard.fr\/site\/produit\/ligne-nocturne-a-la-mallory-porter\/\"]}]},{\"@type\":\"ImageObject\",\"inLanguage\":\"fr-FR\",\"@id\":\"https:\/\/davidbesnard.fr\/site\/produit\/ligne-nocturne-a-la-mallory-porter\/#primaryimage\",\"url\":\"https:\/\/i0.wp.com\/davidbesnard.fr\/site\/wp-content\/uploads\/2023\/05\/mallory.jpg?fit=1700%2C1275&ssl=1\",\"contentUrl\":\"https:\/\/i0.wp.com\/davidbesnard.fr\/site\/wp-content\/uploads\/2023\/05\/mallory.jpg?fit=1700%2C1275&ssl=1\",\"width\":1700,\"height\":1275,\"caption\":\"carte postale ascension hivernale nocturne aiguille du midi mallory porter \u00e0 chamonix dans le massif du mont blanc\"},{\"@type\":\"BreadcrumbList\",\"@id\":\"https:\/\/davidbesnard.fr\/site\/produit\/ligne-nocturne-a-la-mallory-porter\/#breadcrumb\",\"itemListElement\":[{\"@type\":\"ListItem\",\"position\":1,\"name\":\"Accueil\",\"item\":\"https:\/\/davidbesnard.fr\/site\/\"},{\"@type\":\"ListItem\",\"position\":2,\"name\":\"Ligne nocturne \u00e0 la Mallory-Porter\"}]},{\"@type\":\"WebSite\",\"@id\":\"https:\/\/davidbesnard.fr\/site\/#website\",\"url\":\"https:\/\/davidbesnard.fr\/site\/\",\"name\":\"David Besnard\",\"description\":\"Photographe de montagne\",\"publisher\":{\"@id\":\"https:\/\/davidbesnard.fr\/site\/#organization\"},\"potentialAction\":[{\"@type\":\"SearchAction\",\"target\":{\"@type\":\"EntryPoint\",\"urlTemplate\":\"https:\/\/davidbesnard.fr\/site\/?s={search_term_string}\"},\"query-input\":{\"@type\":\"PropertyValueSpecification\",\"valueRequired\":true,\"valueName\":\"search_term_string\"}}],\"inLanguage\":\"fr-FR\"},{\"@type\":\"Organization\",\"@id\":\"https:\/\/davidbesnard.fr\/site\/#organization\",\"name\":\"Besnard David\",\"url\":\"https:\/\/davidbesnard.fr\/site\/\",\"logo\":{\"@type\":\"ImageObject\",\"inLanguage\":\"fr-FR\",\"@id\":\"https:\/\/davidbesnard.fr\/site\/#\/schema\/logo\/image\/\",\"url\":\"https:\/\/davidbesnard.fr\/site\/wp-content\/uploads\/2018\/09\/logo.png\",\"contentUrl\":\"https:\/\/davidbesnard.fr\/site\/wp-content\/uploads\/2018\/09\/logo.png\",\"width\":703,\"height\":528,\"caption\":\"Besnard David\"},\"image\":{\"@id\":\"https:\/\/davidbesnard.fr\/site\/#\/schema\/logo\/image\/\"},\"sameAs\":[\"https:\/\/www.instagram.com\/davidmontagne\/\"]}]}<\/script>\n<!-- \/ Yoast SEO Premium plugin. -->","yoast_head_json":{"title":"Care postale aiguille du midi - David Besnard - Ligne nocturne \u00e0 la Mallory-Porter","description":"Ascension de la voie Mallory Porter, face nord de l'aiguille du midi, par deux Sapeurs Pompiers. Projet photo d'une hivernale, de nuit, en face nord.","robots":{"index":"index","follow":"follow","max-snippet":"max-snippet:-1","max-image-preview":"max-image-preview:large","max-video-preview":"max-video-preview:-1"},"canonical":"https:\/\/davidbesnard.fr\/site\/produit\/ligne-nocturne-a-la-mallory-porter\/","og_locale":"fr_FR","og_type":"article","og_title":"Ligne nocturne \u00e0 la Mallory-Porter","og_description":"Ascension de la voie Mallory Porter, face nord de l'aiguille du midi, par deux Sapeurs Pompiers. Projet photo d'une hivernale, de nuit, en face nord.","og_url":"https:\/\/davidbesnard.fr\/site\/produit\/ligne-nocturne-a-la-mallory-porter\/","og_site_name":"David Besnard","article_modified_time":"2024-10-15T16:50:53+00:00","og_image":[{"width":1700,"height":1275,"url":"https:\/\/davidbesnard.fr\/site\/wp-content\/uploads\/2023\/05\/mallory.jpg","type":"image\/jpeg"}],"twitter_card":"summary_large_image","twitter_misc":{"Dur\u00e9e de lecture estim\u00e9e":"2 minutes"},"schema":{"@context":"https:\/\/schema.org","@graph":[{"@type":"WebPage","@id":"https:\/\/davidbesnard.fr\/site\/produit\/ligne-nocturne-a-la-mallory-porter\/","url":"https:\/\/davidbesnard.fr\/site\/produit\/ligne-nocturne-a-la-mallory-porter\/","name":"Care postale aiguille du midi - David Besnard - Ligne nocturne \u00e0 la Mallory-Porter","isPartOf":{"@id":"https:\/\/davidbesnard.fr\/site\/#website"},"primaryImageOfPage":{"@id":"https:\/\/davidbesnard.fr\/site\/produit\/ligne-nocturne-a-la-mallory-porter\/#primaryimage"},"image":{"@id":"https:\/\/davidbesnard.fr\/site\/produit\/ligne-nocturne-a-la-mallory-porter\/#primaryimage"},"thumbnailUrl":"https:\/\/i0.wp.com\/davidbesnard.fr\/site\/wp-content\/uploads\/2023\/05\/mallory.jpg?fit=1700%2C1275&ssl=1","datePublished":"2023-05-01T17:30:39+00:00","dateModified":"2024-10-15T16:50:53+00:00","description":"Ascension de la voie Mallory Porter, face nord de l'aiguille du midi, par deux Sapeurs Pompiers. Projet photo d'une hivernale, de nuit, en face nord.","breadcrumb":{"@id":"https:\/\/davidbesnard.fr\/site\/produit\/ligne-nocturne-a-la-mallory-porter\/#breadcrumb"},"inLanguage":"fr-FR","potentialAction":[{"@type":"ReadAction","target":["https:\/\/davidbesnard.fr\/site\/produit\/ligne-nocturne-a-la-mallory-porter\/"]}]},{"@type":"ImageObject","inLanguage":"fr-FR","@id":"https:\/\/davidbesnard.fr\/site\/produit\/ligne-nocturne-a-la-mallory-porter\/#primaryimage","url":"https:\/\/i0.wp.com\/davidbesnard.fr\/site\/wp-content\/uploads\/2023\/05\/mallory.jpg?fit=1700%2C1275&ssl=1","contentUrl":"https:\/\/i0.wp.com\/davidbesnard.fr\/site\/wp-content\/uploads\/2023\/05\/mallory.jpg?fit=1700%2C1275&ssl=1","width":1700,"height":1275,"caption":"carte postale ascension hivernale nocturne aiguille du midi mallory porter \u00e0 chamonix dans le massif du mont blanc"},{"@type":"BreadcrumbList","@id":"https:\/\/davidbesnard.fr\/site\/produit\/ligne-nocturne-a-la-mallory-porter\/#breadcrumb","itemListElement":[{"@type":"ListItem","position":1,"name":"Accueil","item":"https:\/\/davidbesnard.fr\/site\/"},{"@type":"ListItem","position":2,"name":"Ligne nocturne \u00e0 la Mallory-Porter"}]},{"@type":"WebSite","@id":"https:\/\/davidbesnard.fr\/site\/#website","url":"https:\/\/davidbesnard.fr\/site\/","name":"David Besnard","description":"Photographe de montagne","publisher":{"@id":"https:\/\/davidbesnard.fr\/site\/#organization"},"potentialAction":[{"@type":"SearchAction","target":{"@type":"EntryPoint","urlTemplate":"https:\/\/davidbesnard.fr\/site\/?s={search_term_string}"},"query-input":{"@type":"PropertyValueSpecification","valueRequired":true,"valueName":"search_term_string"}}],"inLanguage":"fr-FR"},{"@type":"Organization","@id":"https:\/\/davidbesnard.fr\/site\/#organization","name":"Besnard David","url":"https:\/\/davidbesnard.fr\/site\/","logo":{"@type":"ImageObject","inLanguage":"fr-FR","@id":"https:\/\/davidbesnard.fr\/site\/#\/schema\/logo\/image\/","url":"https:\/\/davidbesnard.fr\/site\/wp-content\/uploads\/2018\/09\/logo.png","contentUrl":"https:\/\/davidbesnard.fr\/site\/wp-content\/uploads\/2018\/09\/logo.png","width":703,"height":528,"caption":"Besnard David"},"image":{"@id":"https:\/\/davidbesnard.fr\/site\/#\/schema\/logo\/image\/"},"sameAs":["https:\/\/www.instagram.com\/davidmontagne\/"]}]}},"jetpack_sharing_enabled":true,"_links":{"self":[{"href":"https:\/\/davidbesnard.fr\/site\/wp-json\/wp\/v2\/product\/1709","targetHints":{"allow":["GET"]}}],"collection":[{"href":"https:\/\/davidbesnard.fr\/site\/wp-json\/wp\/v2\/product"}],"about":[{"href":"https:\/\/davidbesnard.fr\/site\/wp-json\/wp\/v2\/types\/product"}],"replies":[{"embeddable":true,"href":"https:\/\/davidbesnard.fr\/site\/wp-json\/wp\/v2\/comments?post=1709"}],"wp:featuredmedia":[{"embeddable":true,"href":"https:\/\/davidbesnard.fr\/site\/wp-json\/wp\/v2\/media\/1726"}],"wp:attachment":[{"href":"https:\/\/davidbesnard.fr\/site\/wp-json\/wp\/v2\/media?parent=1709"}],"wp:term":[{"taxonomy":"product_brand","embeddable":true,"href":"https:\/\/davidbesnard.fr\/site\/wp-json\/wp\/v2\/product_brand?post=1709"},{"taxonomy":"product_cat","embeddable":true,"href":"https:\/\/davidbesnard.fr\/site\/wp-json\/wp\/v2\/product_cat?post=1709"},{"taxonomy":"product_tag","embeddable":true,"href":"https:\/\/davidbesnard.fr\/site\/wp-json\/wp\/v2\/product_tag?post=1709"}],"curies":[{"name":"wp","href":"https:\/\/api.w.org\/{rel}","templated":true}]}}